. What is j(-3)?
-29
Let g(w) be the first derivative of -w**4/4 - 8*w**3/3 - 7*w**2/2 - 13*w + 466. Calculate g(-7).
-13
Let u(v) = 2*v - 107. Let l be u(8). Let f = -86 - l. Let i(z) = -3*z + 2. Give i(f).
-13
Let b(m) be the second derivative of 5/6*m**3 + 195*m - 3*m**2 + 0. Determine b(7).
29
Let n(m) = -m**2 + m. Let j = -20 - -14. Let a(h) = 5*h**2 - 8*h + 6. Let b(x) = j*n(x) - a(x). Let r be (2 - (5 + -21))*5/(-15). Give b(r).
18
Let n(l) be the first derivative of -l**4/4 - 7*l**3/3 + 9*l**2/2 + 4*l - 7856. Determine n(-8).
-4
Let u = 89 - 76. Suppose -9*l = u - 67. Let q(v) = -3*v + 5. Determine q(l).
-13
Suppose -7*r - 4*z - 60 = -3*r, 2*r + 4*z + 38 = 0. Let p(i) = -i**3 - 12*i**2 - 9*i + 1. Give p(r).
-21
Let r(w) be the third derivative of 7*w**6/20 - w**4/24 - w**3/3 + 29*w**2 - 2*w + 33. Calculate r(-1).
-43
Let x(w) = -5*w + 1. Let h be (1 - 42/24)/((-1)/(-4)). Let f(y) = 4*y. Let o(q) = h*x(q) - 4*f(q). What is o(8)?
-11
Let m = 256 + -236. Suppose 0 = 62*l - 67*l - m. Let x(y) = -y**3 + y**2 + 1. Let r(n) = -6*n**3 + 2*n**2 + n. Let q(g) = r(g) - 5*x(g). Determine q(l).
7
Let v be 14/(-6) + (-8)/12. Let c be (-7)/21 + 17*v/9. Let y(m) be the second derivative of -m**5/20 - m**4/2 + m**3/3 + 4*m**2 - 6*m. Give y(c).
-4
Suppose 409 = 4*s + 3*y, 43 - 149 = -s - 2*y. Suppose -5*t + 0*t + s = 0. Suppose -t*q + 32 = -4*q. Let o(f) = 2*f**2 - 3*f. Determine o(q).
2
Let t(s) = -4*s**3 - 26*s**2 - 17*s + 27. Let k(a) = -5*a**3 - 34*a**2 - 22*a + 36. Let w(y) = -7*k(y) + 9*t(y). Determine w(3).
3
Let s(f) = -4*f - 1. Suppose c - 49 = -3. Let o be 5*-9*(-5)/(-5). Let j = c + o. Calculate s(j).
-5
Let f = 28 - 18. Let b(i) = -i**3 + 9*i**2 - 9. Let c(r) = -33*r - r**2 - 7 - 5 + 13 + 32*r. Let t(q) = b(q) - c(q). Give t(f).
0
Let r(f) = 12*f + 792. Let s(d) = 5*d + 311. Let x(y) = -7*r(y) + 18*s(y). Determine x(-8).
6
Let t(b) be the second derivative of 5*b**3/2 + 265*b**2/2 - 4848*b. Calculate t(-18).
-5
Let u(f) = f - 4 + 5*f**2 - f**2 - 2*f - f**3. Let g be 40/(-12)*(-162)/135. Give u(g).
-8
Let j(o) be the second derivative of 11*o**3/6 + 7*o**2/2 + 10115*o. Give j(6).
73
Let a(n) be the first derivative of -n**6/120 + 3*n**5/20 + n**4/12 - 11*n**3/6 - 3*n**2/2 + 11*n - 43. Let y(t) be the second derivative of a(t). What is y(9)?
7
Let m(o) be the third derivative of -o**6/360 + o**5/20 - o**4/6 + 11*o**3/3 + 31*o**2. Let v(s) be the first derivative of m(s). Determine v(6).
-4
Let y(z) = z**2 - 16*z + 3. Suppose -31*i - 2376 + 2686 = 0. Give y(i).
-57
Let b(z) = 18*z**2. Suppose 23 - 140 = -13*j. Suppose -2*f - 3*o - 8 = 0, -f + 3*o = -4*f - j. Give b(f).
18
Let a(m) be the first derivative of m**4/4 + 4*m**3/3 - 3*m**2 - 4*m + 10. Let h = 2069 - 2074. What is a(h)?
1
Let j(p) = p**2 + 11*p - 6. Let g(v) = -5*v**2 - 57*v + 30. Let k(o) = 2*g(o) + 11*j(o). Calculate k(4).
38
Let w(b) = b**3 + 14*b**2 - 52*b - 24. Let n be (((-204)/(-8))/((-9)/(-6)))/(-1). What is w(n)?
-7
Let t(v) = -5*v - 9. Let r be (-144)/324 + 1/((-27)/150). Calculate t(r).
21
Let f(v) = -11*v + 2*v + 1 - 2. Let g(h) = 27*h + 56. Let c be g(-2). Suppose 6 = -4*b - 2*k, -c*k = b - 3*k - 6. Give f(b).
-10
Let f be 5 - (0 + 1 + 15 + -34). Suppose 17*h = -f - 79. Let z(t) = -t**3 - 7*t**2 - 9*t - 10. What is z(h)?
8
Let f(t) = t + 1. Let h(d) = 3*d + 8. Let m be 12/(-6) + 6 + 0/(-2). Let r(g) = m*f(g) - h(g). Let z(j) = j + 21. Let y be z(-15). What is r(y)?
2
Let u(g) = -g**2 - 3*g + 5. Suppose -4*a - j + 5 = 0, -2*a - 10*j = -5*j + 11. Suppose -a*v + 26*v = -120. What is u(v)?
-5
Suppose 5*o + 1119 = 2*q, 3*q = 19*o - 16*o + 1692. Let j(r) = -8 - r - q*r**2 - r**3 + 560*r**2 - 7*r. Give j(-6).
4
Let a be (27/(-1620)*-45)/(3/40). Let l(v) = v**2 + 8*v - 185. Determine l(a).
-5
Suppose 10*l + 10*l - 260 = 0. Let w(g) = 4*g**2 - 3*g**2 + l - 5 - 7*g + 0*g. Calculate w(8).
16
Let p(y) = -8*y**2 + 2*y + y + 59*y**3 + 1 + 62*y**3 + 4*y**2 - 98*y**3. What is p(1)?
23
Let u(y) = 2*y + 4*y + 3 - 2*y + 0*y. Let j(d) = 3*d**2 - 737*d - 990. Let w be j(247). What is u(w)?
-5
Suppose 67*f + 15 = 64*f. Let j = f + -2. Let p(r) = 3*r - 6. Give p(j).
-27
Let v(p) be the third derivative of -p**5/40 + 25*p**4/24 + 37*p**3/6 + 4*p**2 - 14. Let a(b) be the first derivative of v(b). What is a(10)?
-5
Let c(x) = x + 22. Let o(f) = f**3 - 18*f**2 - 43*f + 46. Let j be o(20). Give c(j).
8
Suppose -6 = -9*w + 3. Let t(r) = -1 + 127*r + 11*r**3 - r**2 - 126*r - r**3 + 0. Determine t(w).
9
Suppose 6*o + 144 = 14*o. Let q = 20 - o. Suppose 0*y = q*y + 14. Let p(b) = b**2 + 9*b + 8. Determine p(y).
-6
Let k(a) = -5*a**2 - 2*a - 1. Let l be (1/2)/(-23 - (-1035)/46). Give k(l).
-4
Let z(h) = h**2 - 2*h + 1. Suppose 65*s - 70*s = 0. Suppose s = -33*r + 37*r. Calculate z(r).
1
Let j be ((-6)/2 - -2)*2*6/(-4). Let w(a) = -a**2 + 2*a + 2. Give w(j).
-1
Let l(f) = -3*f - 4. Let k(j) = -j**2 - 25*j + 256. Let m be k(-33). Calculate l(m).
20
Let s be 2 + -3 - 18/3. Let r(a) = -15*a**2 + 16*a + 6. Let t(u) = 41*u**2 - 46*u - 19. Let f(y) = 11*r(y) + 4*t(y). Determine f(s).
-3
Let f(n) = n**2 + 29*n - 208. Let t be f(-35). Let d(r) = -r**t + 16*r - 3*r - 3 - 4*r - 5*r. Give d(3).
0
Let s = 12 + -21. Let b(h) = h**3 + 11*h**2 - 11*h + 22. Let w be b(-12). Let o(d) = -8 - 516*d - d**3 - w*d**2 + 506*d + 1. What is o(s)?
2
Let c = 12 + 4. Let i(y) = 17*y - c*y - 14 + 4. Determine i(16).
6
Suppose -7*b = -57 + 43. Suppose -3*f - 13 + 22 = -4*d, -d - b = -f. Let w(t) = -23*t**2 - t. What is w(f)?
-22
Let j(v) = v**3 - 7*v**2 + v - 5. Let q be j(7). Let d(x) = 1 + 3*x**3 - 2*x**3 - q - 2 + 7*x + 8*x**2. Let s(t) = 29*t - 2675. Let w be s(92). Calculate d(w).
-3
Let q = 1384 - 1378. Suppose 2*t - 28 = -5*i - 0*i, 3*i = 3*t. Suppose q*a + m = a - 11, t = m. Let p(g) = -g**3 - g**2 - g + 4. What is p(a)?
25
Let t(j) = -j**2 - 11*j - 1. Let l be t(6). Let s = l - -97. Let x(u) = -u**2 - 8*u - 6. Calculate x(s).
6
Suppose 4*v + 10 = t, 16 = 2*t + 3*v - 4. Suppose -22 = -3*x - t. Suppose 0 + x = k. Let b(h) = -h**3 + 2*h**2 + 4*h + 4. Give b(k).
-12
Let z(b) be the second derivative of 5/12*b**4 - 37*b - 1/20*b**5 + 0 + 7/6*b**3 - 7/2*b**2. What is z(6)?
-1
Let s(h) = -h**2 + 11*h + 1. Let l be s(8). Suppose -6*a + a = -l. Let b(u) be the second derivative of -u**4/12 + 4*u**3/3 - 7*u**2/2 + 3*u + 23. Give b(a).
8
Let f(z) = z + 1. Suppose 4*o = 450 - 418. Suppose 3*c + 15 = -3*g, 0 = -4*g - o + 4. Calculate f(c).
-3
Let s(n) be the first derivative of -n**4/4 + 10*n**3/3 - 15*n**2/2 - 4*n - 2169. Calculate s(8).
4
Let h = 33 - 37. Let v be 2/(h/(-6)) - 4/2. Let q be (-1 - v/(-3))/((-8)/12). Let g(x) = -x**2 + 2*x. Calculate g(q).
1
Let b(g) = -4*g**3 - 2*g**2 - 11*g + 103. Let n(t) = -5*t**3 - t**2 - 12*t + 143. Let h(z) = -4*b(z) + 3*n(z). Give h(-5).
-23
Let u(z) = 9*z. Let j(b) = 37*b - 4. Let a(s) = j(s) - 4*u(s). Let d be (9/6)/(3/8). Let l be (-39)/(-6) + (-2)/d. Give a(l).
2
Let i(y) = 3*y - 2. Let n(x) = 2*x**2 - 157*x + 592. Let f be n(4). Give i(f).
-14
Let n(d) be the first derivative of 7*d**2/2 - 145*d - 142. Let g be n(23). Let b(c) = c**3 - 15*c**2 - 17*c + 18. What is b(g)?
2
Let r(w) be the first derivative of -w**2/2 - 17*w - 885. Let c be (-578)/51 + ((-15)/9 - -2). Calculate r(c).
-6
Suppose 0 = 10312*s - 10328*s - 64. Let x(g) = g**3 + 5*g**2 + 8*g + 12. What is x(s)?
-4
Let p(i) be the second derivative of i**5/20 - 5*i**4/6 - 17*i**3/6 + 9299*i. Give p(12).
84
Let m be (-16)/(-20)*-1*-595. Let g = m + -477. Let f(h) = 19*h + 1. Give f(g).
-18
Let j(a) = 2*a**2 + 208*a + 1355. Let n be j(-97). Let k(r) = 4*r**3 + 5*r + 2. Determine k(n).
-121
Let r be (-21)/35 - ((-2415)/(-50))/(-23). Let p(t) be the first derivative of -r*t**2 - 3 - 1/3*t**3 + 7*t. Calculate p(-5).
-3
Let f(m) = m**2 + 39*m + 162. Let l be f(-34). Let s(d) = d. Determine s(l).
-8
Suppose 24*g + 35 = 19*g. Let a be 18/(-42) - 38/g. Let l be (2/a)/((-6)/(-75)). Let r(y) = y**2 - 3*y - 3. Calculate r(l).
7
Let h(k) = -k**3 - 27*k**2 - 52*k - 48. Let w be h(-25). Suppose w*y + 87 = 95. Let s(t) = t**2 - 4*t - 1. Give s(y).
-1
Let a(d) = -23*d - 20 + 5*d + d**2 + 2*d + 17*d + 3*d. What is a(-6)?
-8
Suppose -3*s = 3*p - 2130, 2*p - s - 1417 = -0*p. Let c = 706 - p. Let y(j) = j**2 + 3*j - 2. Determine y(c).
-2
Let x(n) = 2*